{"id":40,"date":"2025-03-31T18:31:24","date_gmt":"2025-03-31T18:31:24","guid":{"rendered":"https:\/\/huehuetoca.gob.mx\/mejora\/?page_id=40"},"modified":"2026-03-19T17:06:09","modified_gmt":"2026-03-19T17:06:09","slug":"mejora-regulatoria","status":"publish","type":"page","link":"https:\/\/huehuetoca.gob.mx\/mejora\/mejora-regulatoria\/","title":{"rendered":"SIMPLIFICACI\u00d3N Y DIGITALIZACI\u00d3N"},"content":{"rendered":"<h3><span style=\"color: #008000;\"><span class=\"gs_tkn show\">La\u00a0<\/span><span class=\"gs_tkn show\">simplificaci\u00f3n\u00a0<\/span><span class=\"gs_tkn show\">y\u00a0<\/span><span class=\"gs_tkn show\">digitalizaci\u00f3n\u00a0<\/span><span class=\"gs_tkn show\">buscan\u00a0<\/span><span class=\"gs_tkn show\">reducir\u00a0<\/span><span class=\"gs_tkn show\">tr\u00e1mites,\u00a0<\/span><span class=\"gs_tkn show\">requisitos\u00a0<\/span><span class=\"gs_tkn show\">y\u00a0<\/span><span class=\"gs_tkn show\">tiempos\u00a0<\/span><span class=\"gs_tkn show\">de\u00a0<\/span><span class=\"gs_tkn show\">resoluci\u00f3n\u00a0<\/span><span class=\"gs_tkn show\">mediante\u00a0<\/span><span class=\"gs_tkn show\">el\u00a0<\/span><span class=\"gs_tkn show\">uso\u00a0<\/span><span class=\"gs_tkn show\">de\u00a0<\/span><span class=\"gs_tkn show\">tecnolog\u00edas\u00a0<\/span><span class=\"gs_tkn show\">digitales,\u00a0<\/span><span class=\"gs_tkn show\">mejorando\u00a0<\/span><span class=\"gs_tkn show\">la\u00a0<\/span><span class=\"gs_tkn show\">eficiencia\u00a0<\/span><span class=\"gs_tkn show\">administrativa\u00a0<\/span><span class=\"gs_tkn show\">y\u00a0<\/span><span class=\"gs_tkn show\">la\u00a0<\/span><span class=\"gs_tkn show\">relaci\u00f3n\u00a0<\/span><span class=\"gs_tkn show\">entre\u00a0<\/span><span class=\"gs_tkn show\">ciudadanos\u00a0<\/span><span class=\"gs_tkn show\">y\u00a0<\/span><span class=\"gs_tkn show\">gobierno.<\/span> <\/span><\/h3>\n<h3><span style=\"color: #008000;\">Los objetivos de la nueva LEY NACIONAL PARA ELIMINAR TR\u00c1MITES BUROCR\u00c1TICOS son los siguientes:<\/span><\/h3>\n<ul>\n<li>\n<h3><span style=\"color: #008000;\">Homologar tr\u00e1mites, requisitos, tiempo de resoluci\u00f3n y procesos de atenci\u00f3n.<\/span><\/h3>\n<\/li>\n<li>\n<h3><span style=\"color: #008000;\">Eliminar trabas a personas y empresas.<\/span><\/h3>\n<\/li>\n<li>\n<h3><span style=\"color: #008000;\">Mantener buenas pr\u00e1cticas regulatorias (T-MEC).<\/span><\/h3>\n<\/li>\n<li>\n<h3><span style=\"color: #008000;\">Facilitar que las personas accedan a lo que tienen derecho<\/span><\/h3>\n<\/li>\n<\/ul>\n<h3><\/h3>\n<h3 style=\"text-align: center;\"><span style=\"color: #008080;\"><del><strong>Beneficios de la Ley<\/strong><\/del><\/span><\/h3>\n<ul>\n<li style=\"text-align: left;\">\n<h3><span style=\"color: #008000;\">Reducir a\u00fan m\u00e1s espacios de corrupci\u00f3n<\/span><\/h3>\n<\/li>\n<li style=\"text-align: left;\">\n<h3><span style=\"color: #008000;\">Eliminar discrecionalidad<\/span><\/h3>\n<\/li>\n<li style=\"text-align: left;\">\n<h3><span style=\"color: #008000;\">Homologar los tr\u00e1mites, requisitos y tiempos de resoluci\u00f3n<\/span><\/h3>\n<\/li>\n<li style=\"text-align: left;\">\n<h3><span style=\"color: #008000;\">Reducir la carga regulatoria en los tres \u00f3rdenes de gobierno<\/span><\/h3>\n<\/li>\n<li style=\"text-align: left;\">\n<h3><span style=\"color: #008000;\">Fortalecer la certeza jur\u00eddica<\/span><\/h3>\n<\/li>\n<li style=\"text-align: left;\">\n<h3><span style=\"color: #008000;\">Facilitar el acceso a derechos<\/span><\/h3>\n<\/li>\n<li style=\"text-align: left;\">\n<h3><span style=\"color: #008000;\">Acelerar la actividad econ\u00f3mica para generar prosperidad compartida. <\/span><\/h3>\n<h3><\/h3>\n<h3 style=\"text-align: center;\"><span style=\"color: #008080;\"><strong><del>10 principios de la Simplificaci\u00f3n<\/del> <\/strong><\/span><\/h3>\n<ol>\n<li style=\"text-align: left;\">\n<h3><span style=\"color: #008000;\">La mayor carga regulatoria la debe asumir la autoridad.<\/span><\/h3>\n<\/li>\n<li style=\"text-align: left;\">\n<h3><span style=\"color: #008000;\">No solicitar documentos que el gobierno genera.<\/span><\/h3>\n<\/li>\n<li style=\"text-align: left;\">\n<h3><span style=\"color: #008000;\">Fusionar tr\u00e1mites y crear flujos simult\u00e1neos.<\/span><\/h3>\n<\/li>\n<li style=\"text-align: left;\">\n<h3><span style=\"color: #008000;\">Eliminar requisitos no indispensables<\/span><\/h3>\n<\/li>\n<li style=\"text-align: left;\">\n<h3><span style=\"color: #008000;\">Los documentos digitales tienen la misma validez que documentos f\u00edsicos.<\/span><\/h3>\n<\/li>\n<li style=\"text-align: left;\">\n<h3><span style=\"color: #008000;\">Todo tr\u00e1mite digitalizado debe ser previamente simplificado.<\/span><\/h3>\n<\/li>\n<li style=\"text-align: left;\">\n<h3><span style=\"color: #008000;\">Homologar vigencias en tr\u00e1mites que dependan uno de otro.<\/span><\/h3>\n<\/li>\n<\/ol>\n<\/li>\n<\/ul>\n<h3><span style=\"color: #008000;\">\u00a0 \u00a0 \u00a0 \u00a0 \u00a0 \u00a0 8. Renovar vigencias cuando proceda, no reiniciar el tr\u00e1mite. <\/span><\/h3>\n<h3><span style=\"color: #008000;\">\u00a0 \u00a0 \u00a0 \u00a0 \u00a0 \u00a0 9. Sustituir permisos por avisos, cuando proceda. <\/span><\/h3>\n<h3><span style=\"color: #008000;\">\u00a0 \u00a0 \u00a0 \u00a0 \u00a0 \u00a010. Priorizar volumen de uso y grupos de mayor vulnerabilidad. <\/span><\/h3>\n<h3><\/h3>\n<h3><del><span style=\"color: #008080;\"><strong>Art\u00edculo 1.<\/strong> <\/span><\/del><\/h3>\n<h3><span style=\"color: #008000;\">En materia de simplificaci\u00f3n administrativa y digitalizaci\u00f3n de Tr\u00e1mites y Servicios, buenas pr\u00e1cticas regulatorias, desarrollo y fortalecimiento de capacidades tecnol\u00f3gicas p\u00fablicas en los tres \u00f3rdenes de gobierno; sus disposiciones son de orden p\u00fablico e inter\u00e9s social y de observancia general en todo el territorio nacional <\/span><\/h3>\n<h3><del><span style=\"color: #008080;\"><strong>Art\u00edculo 2. Son objetivos de esta Ley:<\/strong><\/span><\/del><\/h3>\n<ol>\n<li>\n<h3><span style=\"color: #008000;\">Habilitar el Modelo Nacional para Eliminar Tr\u00e1mites Burocr\u00e1ticos;<\/span><\/h3>\n<\/li>\n<li>\n<h3><span style=\"color: #008000;\">Habilitar el Modelo Nacional para la Digitalizaci\u00f3n;<\/span><\/h3>\n<\/li>\n<li>\n<h3><span style=\"color: #008000;\">Habilitar el Modelo Nacional de Homologaci\u00f3n de Tr\u00e1mites y Servicios, Compartici\u00f3n de Soluciones Tecnol\u00f3gicas y Desarrollo de Capacidades P\u00fablicas;<\/span><\/h3>\n<\/li>\n<li>\n<h3><span style=\"color: #008000;\">Habilitar el Modelo Nacional de Atenci\u00f3n Ciudadana; Habilitar el Repositorio Nacional de Tecnolog\u00eda P\u00fablica;<\/span><\/h3>\n<\/li>\n<li>\n<h3><span style=\"color: #008000;\">Establecer Llave MX como el mecanismo de autenticaci\u00f3n e identificaci\u00f3n en medios digitales;<\/span><\/h3>\n<\/li>\n<li>\n<h3><span style=\"color: #008000;\">Habilitar el Portal Ciudadano \u00danico de Tr\u00e1mites y Servicios;<\/span><\/h3>\n<\/li>\n<li>\n<h3><span style=\"color: #008000;\">Establecer las herramientas, instrumentos y acciones para promover las buenas pr\u00e1cticas regulatorias, y<\/span><\/h3>\n<\/li>\n<li>\n<h3><span style=\"color: #008000;\">Establecer las obligaciones de las autoridades de los tres \u00f3rdenes de gobierno para garantizar el cumplimiento de los objetivos de la presente Ley.<\/span><\/h3>\n<\/li>\n<\/ol>\n<h3><span style=\"color: #008080;\"> FUENTE: https:\/\/www.podermexico.mx\/wp-content\/uploads\/2025\/01\/1738250444670.pdf LEY NACIONAL PARA ELIMINAR TR\u00c1MITES BUROCR\u00c1TICOS <\/span><\/h3>\n","protected":false},"excerpt":{"rendered":"<p>La\u00a0simplificaci\u00f3n\u00a0y\u00a0digitalizaci\u00f3n\u00a0buscan\u00a0reducir\u00a0tr\u00e1mites,\u00a0requisitos\u00a0y\u00a0tiempos\u00a0de\u00a0resoluci\u00f3n\u00a0mediante\u00a0el\u00a0uso\u00a0de\u00a0tecnolog\u00edas\u00a0digitales,\u00a0mejorando\u00a0la\u00a0eficiencia\u00a0administrativa\u00a0y\u00a0la\u00a0relaci\u00f3n\u00a0entre\u00a0ciudadanos\u00a0y\u00a0gobierno. Los objetivos de la nueva LEY NACIONAL PARA ELIMINAR TR\u00c1MITES BUROCR\u00c1TICOS son los siguientes: Homologar tr\u00e1mites, requisitos, tiempo de resoluci\u00f3n y procesos de atenci\u00f3n. Eliminar trabas a personas y empresas. Mantener buenas pr\u00e1cticas regulatorias (T-MEC). Facilitar que las personas accedan a lo que tienen derecho Beneficios de la Ley Reducir a\u00fan m\u00e1s espacios de [&hellip;]<\/p>\n","protected":false},"author":2,"featured_media":0,"parent":0,"menu_order":0,"comment_status":"closed","ping_status":"closed","template":"","meta":{"footnotes":""},"class_list":["post-40","page","type-page","status-publish","hentry"],"_links":{"self":[{"href":"https:\/\/huehuetoca.gob.mx\/mejora\/wp-json\/wp\/v2\/pages\/40","targetHints":{"allow":["GET"]}}],"collection":[{"href":"https:\/\/huehuetoca.gob.mx\/mejora\/wp-json\/wp\/v2\/pages"}],"about":[{"href":"https:\/\/huehuetoca.gob.mx\/mejora\/wp-json\/wp\/v2\/types\/page"}],"author":[{"embeddable":true,"href":"https:\/\/huehuetoca.gob.mx\/mejora\/wp-json\/wp\/v2\/users\/2"}],"replies":[{"embeddable":true,"href":"https:\/\/huehuetoca.gob.mx\/mejora\/wp-json\/wp\/v2\/comments?post=40"}],"version-history":[{"count":8,"href":"https:\/\/huehuetoca.gob.mx\/mejora\/wp-json\/wp\/v2\/pages\/40\/revisions"}],"predecessor-version":[{"id":278,"href":"https:\/\/huehuetoca.gob.mx\/mejora\/wp-json\/wp\/v2\/pages\/40\/revisions\/278"}],"wp:attachment":[{"href":"https:\/\/huehuetoca.gob.mx\/mejora\/wp-json\/wp\/v2\/media?parent=40"}],"curies":[{"name":"wp","href":"https:\/\/api.w.org\/{rel}","templated":true}]}}